git of s?
5
Suppose 159*u = 134*u + 102101 + 274249. What is the hundreds digit of u?
0
Suppose r = -4*r + 20. Let t = r - 27. What is the tens digit of (t + 2 + 0)*(-26)/6?
9
Suppose 0 = 4*b - v + 23, 4*b + 11*v + 29 = 6*v. What is the thousands digit of (137270/(-105))/(4/b)?
1
Let q = -605 - -1398. Suppose -3*u - 5*z + 214 + q = 0, 0 = 2*u + 5*z - 668. What is the hundreds digit of u?
3
Suppose -w - 2981 = -4*w - b, b - 3974 = -4*w. Suppose -87*f + 84*f + w = 0. What is the units digit of f?
1
Let k(g) = 30*g + 7*g**2 + 28*g - 71*g - 75 + 20*g. What is the thousands digit of k(15)?
1
Let u(s) = -s - 11. Let y be u(-13). Suppose -10 + 2 = -y*m. Let b(t) = t**2. What is the tens digit of b(m)?
1
Suppose -150*x - 444211 = -1553461. What is the tens digit of x?
9
Suppose -48 = -3*u + 12. Suppose -40 = -0*b - u*b. What is the units digit of b?
2
Let r be (10/(-2) + 3)/(5/(-5)). Suppose -5*z - r*s - 3*s + 40 = 0, 5*z + 3*s = 34. Let c(u) = 3*u**2 - 5*u - 5. What is the units digit of c(z)?
5
Let s be -10*((-18)/5 + 2). Let g(a) = -a**3 + a**2 - 1. Let y(q) = 6*q**3 - 21*q**2 + q + 43. Let x(k) = 5*g(k) + y(k). What is the units digit of x(s)?
4
Let a be (4554/36)/((-1)/(-8)). Suppose 3*u = 1397 + a. What is the units digit of u?
3
Suppose d - 3*t - 15988 = 0, 563*t - 560*t - 79940 = -5*d. What is the ten thousands digit of d?
1
Let c = -183761 - -257760. What is the units digit of c?
9
Let w = 263 + -250. Suppose -57 = -w*u + 12059. What is the hundreds digit of u?
9
What is the tens digit of (0 - -5)/(7/4865)?
7
Let n(q) = 63*q**2 + 383*q + 94. What is the tens digit of n(-18)?
1
Let o be 95/(-35) + 3 + (-38)/(-14). Suppose -o*i + 1103 = 2*w, -i + w - 88 + 449 = 0. What is the units digit of i?
5
Suppose 0 = 3*j - 5*x - 45284, 60394 = 4*j + x - 0*x. What is the units digit of j?
8
Suppose -155*f + 159*f = 35580. What is the hundreds digit of f?
8
Let a = 230 - 206. Suppose -a*k = -5087 - 5233. What is the units digit of k?
0
Suppose -4*f = -707 - 1757. Suppose 0*y = 4*k - 4*y - f, -3*k - y + 482 = 0. Suppose k = 2*m - 19. What is the tens digit of m?
8
What is the tens digit of -4 - ((-1)/(-3) + 1696768/(-192))?
3
Suppose -2359 = -282*q + 3281. Suppose 443 = 3*b + 50. Let u = q + b. What is the units digit of u?
1
Let z(v) = v**2 - 8*v - 2. Let u be z(9). Suppose 0 = 8*t - t + u. What is the units digit of 40/(-3 + t)*(1 - 2)?
0
Let q(u) = -2222*u + 4497. What is the tens digit of q(-8)?
7
Suppose 5*y - z - 16 = -3, 12 = 2*y + 3*z. Let s(b) = 65*b + 27. What is the tens digit of s(y)?
2
Let o(q) = -q**2 + 198*q - 92. What is the thousands digit of o(78)?
9
Suppose 38*b - 88 = 26. Suppose 4*s - 3*z - z - 632 = 0, b*s - 470 = 5*z. What is the hundreds digit of s?
1
Suppose 5*n + 9 = 4*j + 4, 2*n + 2*j - 16 = 0. Suppose 740 = 5*w - d, n*w + d - 426 = 10. What is the tens digit of w?
4
Suppose -2*m + 14 = -5*z + 4, -4*m = -2*z - 20. Suppose 5*d - 12 - 18 = z. Suppose -d*y = -2*y - 516. What is the units digit of y?
9
Let k be (-312)/(-42) + -7 + 115/(-7). What is the tens digit of 56/k - 1725/(-6)?
8
Let u(o) = -8*o - 26. Let m be u(-8). Let b = m + -42. Let f(s) = 7*s**2 + 4*s + 25. What is the tens digit of f(b)?
2
Suppose -306*y - d - 5189 = -307*y, 0 = -y + 4*d + 5198. What is the tens digit of y?
8
Suppose -5*y = -5, -4*y = -z - 0*y - 6. What is the units digit of z/3*(-2022)/4?
7
Suppose -2*g = 9*i - 25187, 22*i = -4*g + 20*i + 50262. What is the hundreds digit of g?
5
Let i = 132127 + -92124. What is the units digit of i?
3
Suppose 16*q + 2331 - 635 = 0. Let x = 132 - 311. Let f = q - x. What is the units digit of f?
3
Let o be 1*-1*35/(-1 - 6). Suppose -o*x + 8*x = -393. Let w = x + 236. What is the tens digit of w?
0
Let s(x) = 404*x**2 + x. Let z be s(1). Suppose v - z = -4*v. Let n = 122 - v. What is the units digit of n?
1
Let p(w) = w. Let g(y) = 1 + 5 + 6*y - 11. Let i(x) = g(x) + 2*p(x). What is the units digit of i(9)?
7
Let v(n) = 728*n + 18 + 5 - 623*n. What is the tens digit of v(6)?
5
Suppose 14*m = 41226 + 55598. What is the hundreds digit of m?
9
Let o = -368 - -370. Suppose o*l - 1049 = b, 1575 = 11*l - 8*l - b. What is the hundreds digit of l?
5
Suppose -2*x + 1823 = 5*v - 862, -x + 1345 = 3*v. Let n = x + -881. What is the units digit of n?
9
Suppose -4*y = 4*z - 27680, -4*z - 13986 - 13654 = -4*y. What is the thousands digit of y?
6
Let u(y) = 258*y**2 - 61*y - 110. What is the tens digit of u(7)?
0
Suppose 30*z - 25*z = -c + 83972, 2*c + z = 167881. What is the units digit of c?
7
Suppose 10*l + 5430 - 360 = 0. Let v = 51 - l. What is the tens digit of v?
5
Let r(i) = 2085*i**3 + 11*i - 17. Let s(o) = 417*o**3 + 2*o - 3. Let x(h) = -2*r(h) + 11*s(h). What is the hundreds digit of x(1)?
4
Let k = 18747 + 9109. What is the tens digit of k?
5
Let f = 9665 + -6319. What is the units digit of f?
6
Suppose 4*v - 18 = 2*d, d - 3*d = -2*v + 10. Let o be d + 6/(-4)*34. Let y = o - -99. What is the tens digit of y?
4
Suppose 5*q - 255 = 4*d + 106, 5*d = 5*q - 365. Suppose 0*w - 2*w + 6 = 2*g, -w + 4 = 0. What is the units digit of q*(g + 2) - -4?
3
Suppose -4*r + 25781 = 5*w - 16005, -3*w - 5*r + 25069 = 0. What is the hundreds digit of w?
3
Let m be (-7 - 1)*(-3)/(-24). What is the hundreds digit of (m*1 - -152) + (-45 - -41)?
1
Suppose 42*q - 3067225 + 929497 = -6*q. What is the hundreds digit of q?
5
Let g(x) = 10*x - 80. Let f be g(8). Suppose f = 3*s + 3*p + 837 - 4596, -2*s + 2485 = -5*p. What is the tens digit of s?
5
Suppose 16*w = 12*w + 15*w - 162063. What is the tens digit of w?
3
Suppose 0 = 2*v + 2*v + 5*q - 3, -2*v + 2*q = -6. Suppose 0 = -4*u + 12, -734 = -0*d - d + v*u. What is the tens digit of d?
4
Let x = 24416 + -17395. What is the units digit of x?
1
Let s(o) be the third derivative of 0*o + 1/24*o**4 - 1/3*o**3 + 9*o**2 + 1/60*o**5 + 0. What is the tens digit of s(4)?
1
Suppose r + 7 = -2*k + k, -4*r - 5*k - 33 = 0. What is the tens digit of 3*((-41)/(-3) + r)?
3
Let u = -26620 - -52798. What is the tens digit of u?
7
Let t = 33 - 29. Suppose x + a = -0*a + t, 0 = 5*x + 4*a - 20. What is the units digit of (-4)/x*(1 + (-31 - 2))?
2
Let m be 3*1/(-3) + (-2 - -1025). Let s = -495 + m. What is the hundreds digit of s?
5
Let t be (1 - (3 + 2)) + 373. Suppose g = 5*l + t, 3*l + 115 = 2*g - 623. Suppose 2*q - 6*q + g = 5*x, -4*x + 312 = -q. What is the tens digit of x?
7
Suppose 4*s + i = 3*i + 22, 11 = -s - 5*i. Suppose -122 - 74 = -s*y. What is the units digit of y?
9
Let h(r) = -6*r + 51. Let a be h(8). Suppose 3 = 5*v - 2, -84 = -a*o + 3*v. What is the tens digit of o?
2
Let u(h) = -19*h**2 + 7*h + 6. Let g be u(-5). What is the units digit of g/(-20)*(-15)/(-9)?
2
Let f = 37 + 12. Let a = f + -60. What is the units digit of 89 + ((-2)/a - (-18)/(-99))?
9
Let s be 3*572/12 + 2. Suppose -3*c = -4*c + s. Suppose 4*i + 3*g + c = 6*i, 5*g = 2*i - 135. What is the tens digit of i?
8
Suppose -o = -6 - 23. Let c = 32 - o. What is the tens digit of c/(-4)*-249 + 11/44?
8
Let l(w) = 4*w + 32. Let d be l(-8). Suppose d = -4*f + 2*f - t + 809, 0 = 3*t - 3. What is the units digit of f?
4
Suppose 0 = -s + 86 - 37. Suppose -3*a + 150 + 95 = 5*d, -d - 5*a = -s. What is the tens digit of 3/(4 + -7) + d?
4
Suppose 2*c - 7422 = -2*w + 2460, -2*c - 19746 = -4*w. What is the units digit of w?
8
Suppose -4*t = -4*v - 8672, 4*t - 3*v - 353 - 8324 = 0. What is the units digit of t?
3
Let c = -75 - -188. Let a(g) = -g**2 - 7*g + 6. Let x be a(-7). What is the units digit of (-9)/(-27) + c*2/x?
8
Suppose 0 = 27*q - 1536 - 202017. Suppose -9*o = -6312 - q. What is the tens digit of o?
3
Suppose -2*p + 80 = 14*p. Suppose -10*d + p*d + 65 = 0. Let y(r) = 13*r + 5. What is the hundreds digit of y(d)?
1
Let u(r) = 6184*r**2 + 3*r - 2. Let b be u(1). Suppose 12*d - 31805 = -b. What is the thousands digit of d?
2
Let t be 14/21*(-75)/(-2). Let o = 27 - t. What is the tens digit of -1 - 2 - (-284)/o?
3
Suppose -7*d + 2*z + 881 = -6*d, -3*d + z = -2618. Let x = 1458 - d. What is the units digit of x?
7
Let v(y) = 3*y**3 + 4*y**2 + 5*y - 20. Let n(x) = x**3 + 2*x**2 + 3*x - 11. Let g(h) = 5*n(h) - 2*v(h). What is the thousands digit of g(-10)?
1
Suppose -s - 45384 + 305330 = 4*r, 324964 = 5*r - 4*s. What is the thousands digit of r?
4
Let k 